{"id":3414,"date":"2022-10-25T19:49:06","date_gmt":"2022-10-25T19:49:06","guid":{"rendered":"http:\/\/www.solar-system.ro\/?page_id=3414"},"modified":"2023-03-28T08:14:27","modified_gmt":"2023-03-28T08:14:27","slug":"despre","status":"publish","type":"page","link":"https:\/\/www.solar-system.ro\/?page_id=3414","title":{"rendered":"Despre"},"content":{"rendered":"\n<div class=\"section-wrapper\" data-id=\"KCY5bm\"><section class=\"wp-block-gutenverse-section guten-element guten-section guten-KCY5bm layout-boxed align-stretch\"><div class=\"guten-background-overlay\"><\/div><div class=\"guten-shape-divider guten-shape-divider-top\"><\/div><div class=\"guten-shape-divider guten-shape-divider-bottom\"><\/div><div class=\"guten-container guten-column-gap-default\">\n<div class=\"wp-block-gutenverse-column guten-element guten-column guten-G9fImd\"><div class=\"guten-background-overlay\"><\/div><div class=\"sticky-wrapper\" data-id=\"G9fImd\"><div class=\"guten-column-wrapper\">\n<div class=\"guten-element gutenverse-text-editor guten-jwBL8u\"><div class=\"text-content-inner\">\n<p><\/p>\n\n\n\n<p><\/p>\n\n\n\n<p class=\"has-normal-font-size\"><strong><em>    Import\u0103m \u0219i comercializ\u0103m la pre\u021b competitiv invertoare, panouri si accesorii pentru sisteme solare fotovoltaice. Panouri Fotovoltaic System SRL este o companie cu ac\u021bionariat privat, 100% rom\u00e2nesc, dornic\u0103 s\u0103  dezvolte rela\u0163ii de parteneriat pe termen lung pentru proiect<\/em><\/strong><em><strong>ele dumneavoastr\u0103 <\/strong><\/em>.<\/p>\n\n\n\n<p><\/p>\n\n\n\n<p><\/p>\n<\/div><\/div>\n<\/div><\/div><\/div>\n\n\n\n<div class=\"wp-block-gutenverse-column guten-element guten-column guten-SumnNs\"><div class=\"guten-background-overlay\"><\/div><div class=\"sticky-wrapper\" data-id=\"SumnNs\"><div class=\"guten-column-wrapper\">\n<figure class=\"wp-block-image size-large\"><img decoding=\"async\" loading=\"lazy\" width=\"1024\" height=\"591\" src=\"http:\/\/www.solar-system.ro\/wp-content\/uploads\/2022\/10\/Hale-Flodor-August-2020-0002-16-1100x635-1-1024x591.jpg\" alt=\"\" class=\"wp-image-3531\" srcset=\"https:\/\/www.solar-system.ro\/wp-content\/uploads\/2022\/10\/Hale-Flodor-August-2020-0002-16-1100x635-1-300x173.jpg 300w, https:\/\/www.solar-system.ro\/wp-content\/uploads\/2022\/10\/Hale-Flodor-August-2020-0002-16-1100x635-1-768x443.jpg 768w, https:\/\/www.solar-system.ro\/wp-content\/uploads\/2022\/10\/Hale-Flodor-August-2020-0002-16-1100x635-1-1024x591.jpg 1024w, https:\/\/www.solar-system.ro\/wp-content\/uploads\/2022\/10\/Hale-Flodor-August-2020-0002-16-1100x635-1.jpg 1100w\" sizes=\"(max-width: 1024px) 100vw, 1024px\" \/><\/figure>\n<\/div><\/div><\/div>\n<\/div><\/section><\/div>\n\n\n\n<div class=\"guten-element guten-spacer guten-xZdSId\"><\/div>\n\n\n\n<div class=\"section-wrapper\" data-id=\"foB361\"><section class=\"wp-block-gutenverse-section guten-element guten-section guten-foB361 layout-boxed align-stretch\"><div class=\"guten-background-overlay\"><\/div><div class=\"guten-shape-divider guten-shape-divider-top\"><\/div><div class=\"guten-shape-divider guten-shape-divider-bottom\"><\/div><div class=\"guten-container guten-column-gap-default\">\n<div class=\"wp-block-gutenverse-column guten-element guten-column guten-ryAmWL\"><div class=\"guten-background-overlay\"><\/div><div class=\"sticky-wrapper\" data-id=\"ryAmWL\"><div class=\"guten-column-wrapper\">\n<div class=\"guten-element gutenverse-text-editor guten-udoUop\"><div class=\"text-content-inner\">\n<h2 class=\"wp-block-gutenverse-heading guten-element guten-RX0c8t\">Avantaje \u0219i beneficii<\/h2>\n\n\n\n<div class=\"guten-element gutenverse-text-editor guten-JcjO5y\"><div class=\"text-content-inner\">\n<p><strong>Avantajele panourilor<\/strong> solare sunt: sursa de energie regenerabila, reducerea costurilor la facturile de electricitate, costuri de mentenanta reduse, diferite aplicatii, dezvoltarea unor noi tehnologii<\/p>\n<\/div><\/div>\n\n\n\n<h2 class=\"wp-block-gutenverse-heading guten-element guten-ZmB92t\">Cum sa devii independent energetic?<\/h2>\n\n\n\n<div class=\"guten-element gutenverse-text-editor guten-8JtCon\"><div class=\"text-content-inner\">\n<p><strong>Odata cu cresterea galopanta a pretului la energie, curentul electric fiind in topul scumpirilor din ultima perioada, trebuie sa incercam sa gasim metode alternative de a produce energie electrica si sa nu mai depindem atat de mult de sistemul emergetic national. Opteaz\u0103 pentru un sistem cu panouri fotovoltaice cu invertor, pentru a produce curent electric.<\/strong> Daca optezi sa devii si prosumator, adica sa vinzi surplusul de curent electric rezultat din panourile fotovoltaice, o sa ai satisfactia ca banii iti vor fi recuparati intru-un timp foarte scurt.<\/p>\n<\/div><\/div>\n<\/div><\/div>\n<\/div><\/div><\/div>\n<\/div><\/section><\/div>\n\n\n\n<div class=\"guten-element guten-spacer guten-mf62Fe\"><\/div>\n\n\n\n<div class=\"guten-element guten-advanced-heading guten-DKpBL1\"><div class=\"heading-section outside-line\"><h2 class=\"heading-title\">Nout\u0103\u021bi<span class=\"heading-focus\"><\/span><\/h2><\/div><span class=\"heading-subtitle\"><\/span><div class=\"heading-line bottom\"><\/div><\/div>\n\n\n\n<div class=\"guten-element guten-spacer guten-5jjKUd\"><\/div>\n\n\n\n<div class=\"section-wrapper\" data-id=\"q6uLU9\"><section class=\"wp-block-gutenverse-section guten-element guten-section guten-q6uLU9 layout-boxed align-stretch\"><div class=\"guten-background-overlay\"><\/div><div class=\"guten-shape-divider guten-shape-divider-top\"><\/div><div class=\"guten-shape-divider guten-shape-divider-bottom\"><\/div><div class=\"guten-container guten-column-gap-default\">\n<div class=\"wp-block-gutenverse-column guten-element guten-column guten-kQrBL7\"><div class=\"guten-background-overlay\"><\/div><div class=\"sticky-wrapper\" data-id=\"kQrBL7\"><div class=\"guten-column-wrapper\">\n<figure class=\"wp-block-image size-full\"><img decoding=\"async\" loading=\"lazy\" width=\"700\" height=\"394\" src=\"https:\/\/www.solar-system.ro\/wp-content\/uploads\/2023\/03\/panouri-fotovoltaice.jpg\" alt=\"\" class=\"wp-image-3929\" srcset=\"https:\/\/www.solar-system.ro\/wp-content\/uploads\/2023\/03\/panouri-fotovoltaice-300x169.jpg 300w, https:\/\/www.solar-system.ro\/wp-content\/uploads\/2023\/03\/panouri-fotovoltaice.jpg 700w\" sizes=\"(max-width: 700px) 100vw, 700px\" \/><\/figure>\n\n\n\n<div class=\"guten-element gutenverse-text-editor guten-fXKzFl\"><div class=\"text-content-inner\">\n<p class=\"has-text-align-center has-normal-font-size\"><strong>Cum ne vom \u00eenc\u0103lzi imobilele \u00een viitor? (analiz\u0103)<\/strong><\/p>\n<\/div><\/div>\n\n\n\n<div class=\"guten-element gutenverse-text-editor guten-jOaLW0\"><div class=\"text-content-inner\">\n<p><strong>\u00cenc\u0103lzirea imobilelor este principala problem\u0103 energetic\u0103 din Europa \u0219i Rom\u00e2nia. \u00cenc\u0103lzirea reprezint\u0103 cantitatea cea mai mare de energie consumat\u0103 \u00eentr-un imobil, dar \u0219i cantitatea cea mai mare de energie util\u0103 consumat\u0103 dintre toate sectoarele de consum.<\/strong>..  <\/p>\n\n\n\n<p>citeste mail mult&#8230;..<\/p>\n<\/div><\/div>\n<\/div><\/div><\/div>\n\n\n\n<div class=\"wp-block-gutenverse-column guten-element guten-column guten-NBVrZ8\"><div class=\"guten-background-overlay\"><\/div><div class=\"sticky-wrapper\" data-id=\"NBVrZ8\"><div class=\"guten-column-wrapper\">\n<figure class=\"wp-block-image size-full\"><img decoding=\"async\" loading=\"lazy\" width=\"799\" height=\"535\" src=\"https:\/\/www.solar-system.ro\/wp-content\/uploads\/2023\/03\/bancnote-euro-panouri-solare.jpg\" alt=\"\" class=\"wp-image-3932\" srcset=\"https:\/\/www.solar-system.ro\/wp-content\/uploads\/2023\/03\/bancnote-euro-panouri-solare-300x201.jpg 300w, https:\/\/www.solar-system.ro\/wp-content\/uploads\/2023\/03\/bancnote-euro-panouri-solare-768x514.jpg 768w, https:\/\/www.solar-system.ro\/wp-content\/uploads\/2023\/03\/bancnote-euro-panouri-solare.jpg 799w\" sizes=\"(max-width: 799px) 100vw, 799px\" \/><\/figure>\n\n\n\n<div class=\"guten-element gutenverse-text-editor guten-STKhax\"><div class=\"text-content-inner\">\n<p class=\"has-text-align-center has-normal-font-size\"><strong>TVA redus\u0103 la 5% pentru panouri solare \u0219i pompe de c\u0103ldur\u0103 &#8211; Legea 39\/2023, publicat\u0103 \u00een Monitorul Oficial<\/strong><\/p>\n\n\n\n<div class=\"guten-element gutenverse-text-editor guten-E5sEVR\"><div class=\"text-content-inner\">\n<p><strong><strong>Vineri, 13 ianuarie 2023, s-a publicat \u00een Monitorul oficial Legea 39\/2023, prin care scade de la 19% la 5% taxa pe valoare ad\u0103ugat\u0103 (TVA) la pompele de c\u0103ldur\u0103, panourile fotovoltaice \u0219i panourile solare termice.<\/strong><\/strong><\/p>\n\n\n\n<p>citeste mail mult&#8230;..<\/p>\n<\/div><\/div>\n<\/div><\/div>\n<\/div><\/div><\/div>\n\n\n\n<div class=\"wp-block-gutenverse-column guten-element guten-column guten-P68fXv\"><div class=\"guten-background-overlay\"><\/div><div class=\"sticky-wrapper\" data-id=\"P68fXv\"><div class=\"guten-column-wrapper\">\n<figure class=\"wp-block-image size-full\"><img decoding=\"async\" loading=\"lazy\" width=\"1000\" height=\"560\" src=\"https:\/\/www.solar-system.ro\/wp-content\/uploads\/2023\/03\/293793_articol.jpg\" alt=\"\" class=\"wp-image-3945\" srcset=\"https:\/\/www.solar-system.ro\/wp-content\/uploads\/2023\/03\/293793_articol-300x168.jpg 300w, https:\/\/www.solar-system.ro\/wp-content\/uploads\/2023\/03\/293793_articol-768x430.jpg 768w, https:\/\/www.solar-system.ro\/wp-content\/uploads\/2023\/03\/293793_articol.jpg 1000w\" sizes=\"(max-width: 1000px) 100vw, 1000px\" \/><\/figure>\n\n\n\n<div class=\"guten-element gutenverse-text-editor guten-sySeX0\"><div class=\"text-content-inner\">\n<p class=\"has-text-align-center has-normal-font-size\"><strong>Ministrul Mediului aloc\u0103 un buget de 3 miliarde lei pentru panourile fotovoltaice, \u00een 2023<\/strong><\/p>\n\n\n\n<div class=\"guten-element gutenverse-text-editor guten-AF7vdX\"><div class=\"text-content-inner\">\n<p>&#8220;<strong>\u00cen Rom\u00e2nia sunt peste trei milioane de case intabulate, locuin\u0163e unifamiliale, teoretic care ar putea avea nevoie de sisteme fotovoltaice pentru a deveni independente sau semi-independente<\/strong> din punct de vedere al energiei electrice. Anul trecut am aprobat peste 40.000 de cereri de finan\u0163are, interesul a fost unul uria\u015f \u015fi este clar c\u0103 trebuie s\u0103 supliment\u0103m bugetul pentru a veni \u00een \u00eent\u00e2mpinarea cererii \u015fi nevoii din partea cet\u0103\u0163enilor. Pentru a sprijini cet\u0103\u0163enii \u00een instalarea acestor sisteme de producere a energiei electrice, \u00een 2023 continu\u0103m programul, construim acum bugetul AFM (Administra\u0163ia Fondului pentru Mediu &#8211; n.red) \u015fi vom bugeta pentru acest program o sum\u0103 de cel pu\u0163in patru ori mai mare dec\u00e2t anul trecut. (&#8230;)<strong> Trei miliarde lei este bugetul prev\u0103zut pentru fotovoltaice, \u00een 2023, \u015fi vom putea finan\u0163a cel pu\u0163in 150.000 de proiecte, fa\u0163\u0103 de 40.000<\/strong>&#8220;, a declarat Ministrul Mediului, pentru Agerpres.<\/p>\n\n\n\n<p>citeste mail mult&#8230;..<\/p>\n<\/div><\/div>\n<\/div><\/div>\n<\/div><\/div><\/div>\n<\/div><\/section><\/div>\n\n\n\n<div class=\"section-wrapper\" data-id=\"7XCDvk\"><section class=\"wp-block-gutenverse-section guten-element guten-section guten-7XCDvk layout-boxed align-stretch\"><div class=\"guten-background-overlay\"><\/div><div class=\"guten-shape-divider guten-shape-divider-top\"><\/div><div class=\"guten-shape-divider guten-shape-divider-bottom\"><\/div><div class=\"guten-container guten-column-gap-default\"><\/div><\/section><\/div>\n","protected":false},"excerpt":{"rendered":"","protected":false},"author":1,"featured_media":0,"parent":0,"menu_order":0,"comment_status":"closed","ping_status":"closed","template":"","meta":{"om_disable_all_campaigns":false,"_mi_skip_tracking":false},"aioseo_notices":[],"yoast_head":"<!-- This site is optimized with the Yoast SEO plugin v20.4 - https:\/\/yoast.com\/wordpress\/plugins\/seo\/ -->\n<title>Despre - Solar Fotovoltaic System<\/title>\n<meta name=\"description\" content=\"Panouri Fotovoltaice Oradea, Invertoare\" \/>\n<meta name=\"robots\" content=\"index, follow, max-snippet:-1, max-image-preview:large, max-video-preview:-1\" \/>\n<link rel=\"canonical\" href=\"https:\/\/www.solar-system.ro\/?page_id=3414\" \/>\n<meta property=\"og:locale\" content=\"en_US\" \/>\n<meta property=\"og:type\" content=\"article\" \/>\n<meta property=\"og:title\" content=\"Despre - Solar Fotovoltaic System\" \/>\n<meta property=\"og:description\" content=\"Panouri Fotovoltaice Oradea, Invertoare\" \/>\n<meta property=\"og:url\" content=\"https:\/\/www.solar-system.ro\/?page_id=3414\" \/>\n<meta property=\"og:site_name\" content=\"Solar Fotovoltaic System\" \/>\n<meta property=\"article:modified_time\" content=\"2023-03-28T08:14:27+00:00\" \/>\n<meta property=\"og:image\" content=\"http:\/\/www.solar-system.ro\/wp-content\/uploads\/2022\/10\/Hale-Flodor-August-2020-0002-16-1100x635-1-1024x591.jpg\" \/>\n<meta name=\"twitter:card\" content=\"summary_large_image\" \/>\n<meta name=\"twitter:label1\" content=\"Est. reading time\" \/>\n\t<meta name=\"twitter:data1\" content=\"3 minutes\" \/>\n<script type=\"application\/ld+json\" class=\"yoast-schema-graph\">{\"@context\":\"https:\/\/schema.org\",\"@graph\":[{\"@type\":\"WebPage\",\"@id\":\"https:\/\/www.solar-system.ro\/?page_id=3414\",\"url\":\"https:\/\/www.solar-system.ro\/?page_id=3414\",\"name\":\"Despre - Solar Fotovoltaic System\",\"isPartOf\":{\"@id\":\"https:\/\/www.solar-system.ro\/#website\"},\"datePublished\":\"2022-10-25T19:49:06+00:00\",\"dateModified\":\"2023-03-28T08:14:27+00:00\",\"description\":\"Panouri Fotovoltaice Oradea, Invertoare\",\"breadcrumb\":{\"@id\":\"https:\/\/www.solar-system.ro\/?page_id=3414#breadcrumb\"},\"inLanguage\":\"en-US\",\"potentialAction\":[{\"@type\":\"ReadAction\",\"target\":[\"https:\/\/www.solar-system.ro\/?page_id=3414\"]}]},{\"@type\":\"BreadcrumbList\",\"@id\":\"https:\/\/www.solar-system.ro\/?page_id=3414#breadcrumb\",\"itemListElement\":[{\"@type\":\"ListItem\",\"position\":1,\"name\":\"Home\",\"item\":\"https:\/\/www.solar-system.ro\/\"},{\"@type\":\"ListItem\",\"position\":2,\"name\":\"Despre\"}]},{\"@type\":\"WebSite\",\"@id\":\"https:\/\/www.solar-system.ro\/#website\",\"url\":\"https:\/\/www.solar-system.ro\/\",\"name\":\"Solar Fotovoltaic System\",\"description\":\"Tehnologia Calitatii\",\"alternateName\":\"Panouri Fotovoltaice Oradea\",\"potentialAction\":[{\"@type\":\"SearchAction\",\"target\":{\"@type\":\"EntryPoint\",\"urlTemplate\":\"https:\/\/www.solar-system.ro\/?s={search_term_string}\"},\"query-input\":\"required name=search_term_string\"}],\"inLanguage\":\"en-US\"}]}<\/script>\n<!-- \/ Yoast SEO plugin. -->","yoast_head_json":{"title":"Despre - Solar Fotovoltaic System","description":"Panouri Fotovoltaice Oradea, Invertoare","robots":{"index":"index","follow":"follow","max-snippet":"max-snippet:-1","max-image-preview":"max-image-preview:large","max-video-preview":"max-video-preview:-1"},"canonical":"https:\/\/www.solar-system.ro\/?page_id=3414","og_locale":"en_US","og_type":"article","og_title":"Despre - Solar Fotovoltaic System","og_description":"Panouri Fotovoltaice Oradea, Invertoare","og_url":"https:\/\/www.solar-system.ro\/?page_id=3414","og_site_name":"Solar Fotovoltaic System","article_modified_time":"2023-03-28T08:14:27+00:00","og_image":[{"url":"http:\/\/www.solar-system.ro\/wp-content\/uploads\/2022\/10\/Hale-Flodor-August-2020-0002-16-1100x635-1-1024x591.jpg"}],"twitter_card":"summary_large_image","twitter_misc":{"Est. reading time":"3 minutes"},"schema":{"@context":"https:\/\/schema.org","@graph":[{"@type":"WebPage","@id":"https:\/\/www.solar-system.ro\/?page_id=3414","url":"https:\/\/www.solar-system.ro\/?page_id=3414","name":"Despre - Solar Fotovoltaic System","isPartOf":{"@id":"https:\/\/www.solar-system.ro\/#website"},"datePublished":"2022-10-25T19:49:06+00:00","dateModified":"2023-03-28T08:14:27+00:00","description":"Panouri Fotovoltaice Oradea, Invertoare","breadcrumb":{"@id":"https:\/\/www.solar-system.ro\/?page_id=3414#breadcrumb"},"inLanguage":"en-US","potentialAction":[{"@type":"ReadAction","target":["https:\/\/www.solar-system.ro\/?page_id=3414"]}]},{"@type":"BreadcrumbList","@id":"https:\/\/www.solar-system.ro\/?page_id=3414#breadcrumb","itemListElement":[{"@type":"ListItem","position":1,"name":"Home","item":"https:\/\/www.solar-system.ro\/"},{"@type":"ListItem","position":2,"name":"Despre"}]},{"@type":"WebSite","@id":"https:\/\/www.solar-system.ro\/#website","url":"https:\/\/www.solar-system.ro\/","name":"Solar Fotovoltaic System","description":"Tehnologia Calitatii","alternateName":"Panouri Fotovoltaice Oradea","potentialAction":[{"@type":"SearchAction","target":{"@type":"EntryPoint","urlTemplate":"https:\/\/www.solar-system.ro\/?s={search_term_string}"},"query-input":"required name=search_term_string"}],"inLanguage":"en-US"}]}},"_links":{"self":[{"href":"https:\/\/www.solar-system.ro\/index.php?rest_route=\/wp\/v2\/pages\/3414"}],"collection":[{"href":"https:\/\/www.solar-system.ro\/index.php?rest_route=\/wp\/v2\/pages"}],"about":[{"href":"https:\/\/www.solar-system.ro\/index.php?rest_route=\/wp\/v2\/types\/page"}],"author":[{"embeddable":true,"href":"https:\/\/www.solar-system.ro\/index.php?rest_route=\/wp\/v2\/users\/1"}],"replies":[{"embeddable":true,"href":"https:\/\/www.solar-system.ro\/index.php?rest_route=%2Fwp%2Fv2%2Fcomments&post=3414"}],"version-history":[{"count":28,"href":"https:\/\/www.solar-system.ro\/index.php?rest_route=\/wp\/v2\/pages\/3414\/revisions"}],"predecessor-version":[{"id":4074,"href":"https:\/\/www.solar-system.ro\/index.php?rest_route=\/wp\/v2\/pages\/3414\/revisions\/4074"}],"wp:attachment":[{"href":"https:\/\/www.solar-system.ro\/index.php?rest_route=%2Fwp%2Fv2%2Fmedia&parent=3414"}],"curies":[{"name":"wp","href":"https:\/\/api.w.org\/{rel}","templated":true}]}}